prime factors of 2882295289.
43, 6323, 10601
List the prime factors of 2342017545.
3, 5, 7, 1063, 20983
What are the prime factors of 165216278?
2, 643, 128473
What are the prime factors of 65869274?
2, 32934637
List the prime factors of 2774812637.
41, 67678357
List the prime factors of 6933605483.
7, 31, 59, 67, 137
What are the prime factors of 107671777?
107671777
List the prime factors of 574110978.
2, 3, 7, 17, 804077
What are the prime factors of 198378602?
2, 677, 146513
What are the prime factors of 1623279363?
3, 157, 3446453
What are the prime factors of 100885672?
2, 2729, 4621
What are the prime factors of 3728417615?
5, 13, 41, 97, 14423
List the prime factors of 72410033.
47, 1540639
List the prime factors of 41672865.
3, 5, 13, 17, 967
List the prime factors of 959384902.
2, 7, 17, 29, 97, 1433
What are the prime factors of 10454107?
827, 12641
List the prime factors of 28748489.
7, 11, 373357
What are the prime factors of 494497083?
3, 89, 1852049
List the prime factors of 4193788.
2, 1048447
List the prime factors of 462081940.
2, 5, 29, 796693
List the prime factors of 2754275938.
2, 151, 9120119
List the prime factors of 122626233.
3, 181, 75277
What are the prime factors of 275826587?
1069, 258023
List the prime factors of 174191058.
2, 3, 9677281
What are the prime factors of 812008120?
2, 5, 7, 11, 29, 9091
List the prime factors of 57530805.
3, 5, 17, 225611
List the prime factors of 10422876.
2, 3, 197, 4409
List the prime factors of 1253171360.
2, 5, 7, 43, 26021
List the prime factors of 34885604.
2, 13, 670877
What are the prime factors of 329497446?
2, 3, 263, 208807
List the prime factors of 19485271.
13, 79, 18973
List the prime factors of 155245451.
37, 4195823
List the prime factors of 234724433.
233, 1007401
List the prime factors of 3382063.
3382063
What are the prime factors of 2213155280?
2, 5, 7, 1979, 1997
List the prime factors of 70773071.
70773071
List the prime factors of 1293987284.
2, 421, 768401
What are the prime factors of 539728371?
3, 7, 13, 163, 311
List the prime factors of 14713606.
2, 23, 13907
What are the prime factors of 52779889?
163, 323803
What are the prime factors of 349524492?
2, 3, 197, 147853
What are the prime factors of 75731557?
11, 29, 43, 5521
What are the prime factors of 1469140741?
41, 35832701
List the prime factors of 3656764785.
3, 5, 41, 131, 45389
List the prime factors of 1393237096.
2, 174154637
What are the prime factors of 106661991?
3, 19, 1871263
What are the prime factors of 131299521?
3, 43766507
What are the prime factors of 157590313?
19, 43, 192889
What are the prime factors of 102184905?
3, 5, 89, 76543
What are the prime factors of 2264062670?
2, 5, 251, 902017
What are the prime factors of 6326537?
7, 129113
List the prime factors of 302459833.
13, 23266141
What are the prime factors of 40724925?
3, 5, 542999
What are the prime factors of 47985986?
2, 23992993
List the prime factors of 197873264.
2, 29, 61, 6991
List the prime factors of 10867399.
2203, 4933
List the prime factors of 154394035.
5, 53, 257, 2267
What are the prime factors of 1893905618?
2, 11, 283, 304193
List the prime factors of 1785121785.
3, 5, 2251, 17623
What are the prime factors of 1435420667?
1435420667
List the prime factors of 684774450.
2, 3, 5, 17, 89513
What are the prime factors of 70301341?
11, 17, 61, 6163
What are the prime factors of 6030990613?
18959, 318107
What are the prime factors of 2063267994?
2, 3, 4133, 83203
List the prime factors of 55016035.
5, 383, 28729
What are the prime factors of 8106427664?
2, 109, 4648181
List the prime factors of 748197554.
2, 13, 28776829
What are the prime factors of 7444268524?
2, 7, 11, 47, 514249
What are the prime factors of 571327316?
2, 7, 20404547
What are the prime factors of 35331955?
5, 41, 172351
List the prime factors of 131950959.
3, 7, 6283379
What are the prime factors of 165823141?
11, 15074831
List the prime factors of 1920088636.
2, 2803, 171253
What are the prime factors of 539255405?
5, 13, 2309, 3593
What are the prime factors of 12401339?
1877, 6607
List the prime factors of 188790738.
2, 3, 31465123
List the prime factors of 266562570.
2, 3, 5, 587, 15137
What are the prime factors of 289363729?
53, 1321, 4133
What are the prime factors of 229431632?
2, 2003, 7159
What are the prime factors of 17937206?
2, 7, 1281229
List the prime factors of 37892157.
3, 683, 18493
List the prime factors of 56840428.
2, 73, 194659
What are the prime factors of 3687549207?
3, 1229183069
List the prime factors of 1469349545.
5, 293869909
What are the prime factors of 39073873?
47, 139, 5981
What are the prime factors of 14708919?
3, 227, 21599
List the prime factors of 210387491.
103, 2042597
List the prime factors of 325226373.
3, 4639, 23369
What are the prime factors of 35392270?
2, 5, 131, 27017
List the prime factors of 8531766.
2, 3, 473987
List the prime factors of 1128096927.
3, 125344103
List the prime factors of 49893459.
3, 7, 11, 43, 5023
What are the prime factors of 55333401?
3, 18444467
What are the prime factors of 192948639?
3, 13, 109, 45389
What are the prime factors of 94744123?
1669, 56767
List the prime factors of 95771963.
7, 13681709
What are the prime factors of 2415887120?
2, 5, 30198589
What are the prime factors of 1778691952?
2, 79, 1407193
What are the prime factors of 152504370?
2, 3, 5, 97, 647
List the prime factors of 2095044361.
29, 269, 271, 991
List the prime factors of 2051651156.
2, 463, 1107803
What are the prime factors of 5964239761?
17, 31, 1283, 8821
List the prime factors of 163856158.
2, 281, 291559
What are the prime factors of 1044483723?
3, 17, 101, 257, 263
List the prime factors of 39327902.
2, 17, 31, 37313
List the prime factors of 27738898.
2, 11, 19, 66361
List the prime factors of 1001724957.
3, 23, 137, 35323
List the prime factors of 518638466.
2, 259319233
What are the prime factors of 423060809?
423060809
What are the prime factors of 28354760?
2, 5, 7, 101267
What are the prime factors of 27022984?
2, 3377873
List the prime factors of 419061538.
2, 7, 4013, 7459
What are the prime factors of 88667858?
2, 1549, 28621
List the prime factors of 6406792129.
587, 607, 17981
List the prime factors of 293532392.
2, 337, 108877
What are the prime factors of 6009607716?
2, 3, 7, 23, 3110563
List the prime factors of 6561711753.
3, 2187237251
List the prime factors of 2079590432.
2, 19, 347, 9857
What are the prime factors of 1048360691?
7, 149765813
What are the prime factors of 336410773?
17, 193, 102533
What are the prime factors of 24225657?
3, 8075219
List the prime factors of 186461317.
7, 41, 13259
What are the prime factors of 11123829?
3, 1235981
What are the prime factors of 499974513?
3, 107, 137, 11369
List the prime factors of 426462141.
3, 7, 941, 3083
What are the prime factors of 35833438?
2, 733, 24443
List the prime factors of 3381778210.
2, 5, 17, 853, 23321
What are the prime factors of 2841302288?
2, 11, 16143763
List the prime factors of 33984224.
2, 17, 179, 349
List the prime factors of 172005655.
5, 34401131
What are the prime factors of 711985224?
2, 3, 29666051
What are the prime factors of 3388640142?
2, 3, 131, 4311247
List the prime factors of 394210334.
2, 7, 277, 101653
What are the prime factors of 366371706?
2, 3, 37, 359, 4597
What are the prime factors of 598694682?
2, 3, 99782447
List the prime factors of 85620514.
2, 7, 811, 7541
What are the prime factors of 358154986?
2, 7, 127, 201437
List the prime factors of 38728821.
3, 19, 197, 3449
List the prime factors of 238922500.
2, 5, 95569
List the prime factors of 113519686.
2, 7, 151, 53699
List the prime factors of 670599966.
2, 3, 1237, 90353
What are the prime factors of 10515030?
2, 3, 5, 37, 9473
What are the prime factors of 2893983080?
2, 5, 29, 167, 14939
What are the prime factors of 249697782?
2, 3, 4624033
List the prime factors of 109259636.
2, 97, 379, 743
What are the prime factors of 1320411207?
3, 53, 1193, 6961
List the prime factors of 2007795772.
2, 401, 1251743
What are the prime factors of 1082879600?
2, 5, 11, 17, 31, 467
What are the prime factors of 1489955441?
13, 4373, 26209
List the prime factors of 1409595152.
2, 7, 1797953
List the prime factors of 110424